{"id":1100,"date":"2023-04-24T16:38:12","date_gmt":"2023-04-24T19:38:12","guid":{"rendered":"https:\/\/sinditestrs.org.br\/site\/?page_id=1100"},"modified":"2023-05-27T14:54:54","modified_gmt":"2023-05-27T17:54:54","slug":"sobre","status":"publish","type":"page","link":"https:\/\/sinditestrs.org.br\/site\/sobre\/","title":{"rendered":"Sobre"},"content":{"rendered":"\n<p><strong>CONTE\u00daDO EM EDI\u00c7\u00c3O<\/strong><\/p>\n\n\n\n<p>Somos uma Categoria diferenciada<\/p>\n","protected":false},"excerpt":{"rendered":"<p>CONTE\u00daDO EM EDI\u00c7\u00c3O Somos uma Categoria diferenciada<\/p>\n","protected":false},"author":1,"featured_media":0,"parent":0,"menu_order":0,"comment_status":"closed","ping_status":"closed","template":"","meta":{"footnotes":""},"_links":{"self":[{"href":"https:\/\/sinditestrs.org.br\/site\/wp-json\/wp\/v2\/pages\/1100"}],"collection":[{"href":"https:\/\/sinditestrs.org.br\/site\/wp-json\/wp\/v2\/pages"}],"about":[{"href":"https:\/\/sinditestrs.org.br\/site\/wp-json\/wp\/v2\/types\/page"}],"author":[{"embeddable":true,"href":"https:\/\/sinditestrs.org.br\/site\/wp-json\/wp\/v2\/users\/1"}],"replies":[{"embeddable":true,"href":"https:\/\/sinditestrs.org.br\/site\/wp-json\/wp\/v2\/comments?post=1100"}],"version-history":[{"count":5,"href":"https:\/\/sinditestrs.org.br\/site\/wp-json\/wp\/v2\/pages\/1100\/revisions"}],"predecessor-version":[{"id":1590,"href":"https:\/\/sinditestrs.org.br\/site\/wp-json\/wp\/v2\/pages\/1100\/revisions\/1590"}],"wp:attachment":[{"href":"https:\/\/sinditestrs.org.br\/site\/wp-json\/wp\/v2\/media?parent=1100"}],"curies":[{"name":"wp","href":"https:\/\/api.w.org\/{rel}","templated":true}]}}